ainder when 7821275 is divided by 19602.
77
What is the remainder when 10467586 is divided by 3678?
3676
Calculate the remainder when 12122290 is divided by 6999.
22
Calculate the remainder when 1145200 is divided by 8008.
56
Calculate the remainder when 224139 is divided by 90.
39
Calculate the remainder when 12653 is divided by 283.
201
What is the remainder when 165811 is divided by 5521?
181
Calculate the remainder when 1503039 is divided by 55637.
840
What is the remainder when 1439837 is divided by 479873?
218
What is the remainder when 531590 is divided by 272?
102
Calculate the remainder when 416017 is divided by 69267.
415
What is the remainder when 3700760 is divided by 6414?
6296
Calculate the remainder when 1503856 is divided by 17.
2
What is the remainder when 16690120 is divided by 15?
10
What is the remainder when 158974 is divided by 5664?
382
Calculate the remainder when 10678784 is divided by 49.
18
What is the remainder when 501696 is divided by 501602?
94
What is the remainder when 2991428 is divided by 373879?
396
What is the remainder when 37499 is divided by 2737?
1918
Calculate the remainder when 8290674 is divided by 486.
0
Calculate the remainder when 141155276 is divided by 3361.
3359
Calculate the remainder when 15647579 is divided by 1203655.
64
Calculate the remainder when 112055 is divided by 906.
617
What is the remainder when 69881217 is divided by 30?
27
Calculate the remainder when 944677 is divided by 226.
223
Calculate the remainder when 163294 is divided by 159.
1
What is the remainder when 6287361 is divided by 85?
81
Calculate the remainder when 75567047 is divided by 650.
647
Calculate the remainder when 4775369 is divided by 58.
55
Calculate the remainder when 1839250 is divided by 1089.
1018
Calculate the remainder when 876579995 is divided by 446.
445
What is the remainder when 20719 is divided by 6770?
409
What is the remainder when 2663276 is divided by 243?
239
Calculate the remainder when 141389 is divided by 9578.
7297
What is the remainder when 669992 is divided by 161?
71
Calculate the remainder when 4183345 is divided by 1100.
45
Calculate the remainder when 1227905 is divided by 946.
943
What is the remainder when 56540985 is divided by 36?
33
Calculate the remainder when 3408908 is divided by 39.
35
What is the remainder when 62434 is divided by 472?
130
What is the remainder when 595420350 is divided by 99?
96
What is the remainder when 394392 is divided by 19?
9
Calculate the remainder when 410760 is divided by 181.
71
What is the remainder when 9689706 is divided by 1582?
1538
What is the remainder when 4427597 is divided by 625?
97
Calculate the remainder when 9559903 is divided by 1395.
1363
What is the remainder when 65162876 is divided by 31694?
12
What is the remainder when 1901623 is divided by 606?
601
What is the remainder when 1196308 is divided by 170624?
1940
What is the remainder when 116225 is divided by 6729?
1832
Calculate the remainder when 2024233 is divided by 253028.
9
Calculate the remainder when 131311 is divided by 85.
71
What is the remainder when 306112 is divided by 16099?
231
Calculate the remainder when 131176805 is divided by 1833.
1826
Calculate the remainder when 31931759 is divided by 112833.
20
Calculate the remainder when 70088353 is divided by 169.
166
Calculate the remainder when 7823431 is divided by 236.
31
What is the remainder when 121152 is divided by 1262?
0
Calculate the remainder when 71054 is divided by 272.
62
What is the remainder when 303898 is divided by 101133?
499
Calculate the remainder when 1893394 is divided by 20803.
321
Calculate the remainder when 4147 is divided by 3912.
235
What is the remainder when 802758 is divided by 2158?
2140
What is the remainder when 5037037 is divided by 431?
371
What is the remainder when 2857871 is divided by 65?
16
Calculate the remainder when 11581325 is divided by 93.
35
Calculate the remainder when 2569796 is divided by 41.
39
What is the remainder when 1279627 is divided by 1027?
1012
What is the remainder when 38627 is divided by 18550?
1527
What is the remainder when 98788 is divided by 3938?
338
What is the remainder when 244378 is divided by 244311?
67
Calculate the remainder when 80473 is divided by 80210.
263
Calculate the remainder when 1591154817 is divided by 7860.
7857
Calculate the remainder when 209898 is divided by 140.
38
Calculate the remainder when 16829 is divided by 5226.
1151
Calculate the remainder when 2214661 is divided by 45196.
57
Calculate the remainder when 359973 is divided by 359947.
26
Calculate the remainder when 7305674 is divided by 2435216.
26
Calculate the remainder when 8911724 is divided by 75.
74
What is the remainder when 69470 is divided by 471?
233
Calculate the remainder when 806408 is divided by 640.
8
What is the remainder when 6035531 is divided by 71006?
21
What is the remainder when 18673933 is divided by 3355?
3
What is the remainder when 7845275 is divided by 373576?
179
What is the remainder when 2302042 is divided by 871?
860
Calculate the remainder when 67555393 is divided by 1711.
1691
What is the remainder when 65409 is divided by 316?
313
Calculate the remainder when 1520161 is divided by 152012.
41
Calculate the remainder when 462913 is divided by 411.
127
What is the remainder when 5229777 is divided by 871628?
9
What is the remainder when 224160 is divided by 224114?
46
Calculate the remainder when 1928782 is divided by 375.
157
Calculate the remainder when 520766009 is divided by 9963.
9962
What is the remainder when 575237 is divided by 71771?
1069
What is the remainder when 495780 is divided by 468?
168
Calculate the remainder when 11999 is divided by 11727.
272
Calculate the remainder when 265682 is divided by 575.
32
Calculate the remainder when 172228 is divided by 391.
188
What is the remainder when 17130097 is divided by 497?
495
What is the remainder when 457594 is divided by 456433?
1161
What is the remainder when 168844 is divided by 42197?
56
What is the remainder when 2612315 is divided by 137?
136
Calculate the remainder when 4223391 is divided by 13323.
0
What is the remainder when 1491329 is divided by 4412?
73
Calculate the remainder when 70886 is divided by 820.
366
Calculate the remainder when 9615545 is divided by 88.
49
Calculate the remainder when 256117857 is divided by 85372616.
9
What is the remainder when 18936935 is divided by 32?
7
Calculate the remainder when 16567076 is divided by 262969.
29
What is the remainder when 1657114 is divided by 110474?
4
What is the remainder when 172275 is divided by 762?
63
What is the remainder when 71372 is divided by 14263?
57
Calculate the remainder when 38980 is divided by 7763.
165
What is the remainder when 3157198938 is divided by 10?
8
What is the remainder when 3498121 is divided by 33?
22
Calculate the remainder when 18404 is divided by 388.
168
What is the remainder when 916196 is divided by 305362?
110
Calculate the remainder when 103201 is divided by 475.
126
Calculate the remainder when 22897954 is divided by 488.
18
What is the remainder when 1862044555 is divided by 29?
27
Calculate the remainder when 37123411 is divided by 4233.
1
Calculate the remainder when 237292 is divided by 14750.
1292
Calculate the remainder when 1850174 is divided by 100.
74
Calculate the remainder when 4283982 is divided by 8742.
402
Calculate the remainder when 4011514 is divided by 47755.
94
Calculate the remainder when 14876 is divided by 532.
512
Calculate the remainder when 4174698 is divided by 545.
543
Calculate the remainder when 80129 is divided by 133.
63
What is the remainder when 1032616 is divided by 515047?
2522
What is the remainder when 579488 is divided by 68?
60
Calculate the remainder when 1537268 is divided by 731.
706
Calculate the remainder when 97953 is divided by 32274.
1131
Calculate the remainder when 16543239 is divided by 13.
11
Calculate the remainder when 27850372 is divided by 25.
22
What is the remainder when 5442516 is divided by 209?
156
What is the remainder when 22832817 is divided by 133?
42
Calculate the remainder when 166848 is divided by 83162.
524
Calculate the remainder when 391766 is divided by 3320.
6
What is the remainder when 144748 is div